5). Let t = 0 - j. Determine f(t).
-4
Let x(p) = -2*p**2 - 111*p + 109*p + p**3 + 0 + 0. What is x(2)?
-4
Let d(a) = -a**2 - 5*a. Let s = 6 - 3. Suppose -11 = 2*g - s. Calculate d(g).
4
Let s(p) be the second derivative of 0 - p - 1/6*p**3 + p**2. What is s(-2)?
4
Suppose 0*m + 4*m = -8. Let h be (m/(-8))/(6/24). Let o(c) = -5*c - 1. What is o(h)?
-6
Let l be -4*2/(-2) + -2. Let d(t) = -2 + l*t + 0 + t - 4*t. What is d(2)?
-4
Let w(a) = a**2 + 6*a + 1. Let n be ((-3)/((-3)/10))/(-1). Let b be -1*(1 + -4 - n). Give w(b).
8
Suppose -6*d + d = -5. Let m(r) = -2*r + 2 - 1 + r**3 + 0. Calculate m(d).
0
Let f = 16 + -10. Let y(j) = -2*j**2 - j**3 - 3*j**2 - 9*j + 3*j - f. Let q be 3*(0 + (-8)/6). What is y(q)?
2
Let y(d) be the second derivative of -d**3/3 + d**2/2 - 6*d. Give y(-1).
3
Let c(v) = -v**3 + v + 5*v**3 - v**2 + 2*v**2. Let s be (-2)/(-2*(-4 + 3)). Calculate c(s).
-4
Let p(h) = -18*h**2 - 12 + 14*h + 25*h**2 - 21*h**2 + h**3. What is p(13)?
1
Suppose -15 = -5*q - 0. Let i = 5 - q. Let h(p) = -p + 2. Determine h(i).
0
Let g(n) = -5*n + 1. Suppose -5*a = 4*i + 1, -i = 1 - 2. Let v be (-2 - -3)/(a - 0). Let b be v/(-1) + -3 + 1. Give g(b).
6
Let x(t) = t**2 - 4*t - 4. Let w be x(4). Let j(m) = m - 1. Let h(c) = c + 4. Let p(v) = 2*h(v) + 2*j(v). Determine p(w).
-10
Let u(r) be the first derivative of r**3/3 + 4*r**2 - 3. Determine u(-7).
-7
Suppose 6 - 21 = -5*j. Suppose -l + j*l = -4. Let n(q) be the second derivative of -q**4/12 + q**3/3 + 3*q**2/2 - 2*q. Give n(l).
-5
Let l(b) = -b - 3. Let w be l(-8). Suppose w*o = 9*o. Let k(i) = i**2 + i + 11. Calculate k(o).
11
Let y(s) = 4*s**2 + 12*s - 4. Let z(i) = -5*i**2 - 13*i + 4. Let j(l) = -6*y(l) - 5*z(l). Suppose 0*n = -4*n. Suppose n = -w - 0*w + 5. Determine j(w).
-6
Let a(g) = 3*g**3 + 2*g**2 + g. Let t(r) = -r**2 - 8*r - 1. Let v be t(-8). What is a(v)?
-2
Let z = -3 - -7. Let w(l) = -l**3 + 3*l**2 + 4*l - 5. Determine w(z).
-5
Suppose 0 = -2*h + 5*h + 9. Let p = h - -3. Suppose 8 = -l + 2*y, -5*l - 2*y + p*y = -20. Let u(x) = x**2 - 3*x + 1. What is u(l)?
-1
Let z(i) be the third derivative of -i**7/2520 + i**6/360 - i**5/30 - 3*i**2. Let q(h) be the third derivative of z(h). Give q(-5).
12
Let d(y) = -2*y**2 + y - 2. Let l(o) = o**2 + 1. Let v(f) = 4*d(f) + 9*l(f). Give v(-4).
1
Let v(l) = -6*l + 6. Let q(k) = -k**3 + 8*k**2 + 35*k - 18. Let p be q(11). Determine v(p).
-18
Let r(i) = -7*i + 1. Let j be r(-2). Suppose -3*h + 0 = -j. Let b(w) = -4*w**2 - 8*w + 5*w**2 + 0*w + 2*w - 3. Give b(h).
-8
Suppose i = -2*i, 0 = 2*f - i - 8. Let q(c) be the third derivative of c**4/24 - c**3/6 + c**2. What is q(f)?
3
Suppose 2*i - 15 = 7*i. Let f(h) = 4*h + 1. Calculate f(i).
-11
Let c(n) = -2*n**2 - n. Suppose 2*l + 2*u + 8 = 18, 5*l + u = 25. Suppose -5*f + 2 = -3*b, b = -l*f - 0*b - 14. Let h be (2/(-2) + 2)*f. Determine c(h).
-6
Suppose w + f - 6 - 1 = 0, -5*w + f = -41. Let g(y) = -y - 4. Determine g(w).
-12
Let k(d) = 2 - 3 + 3*d**2 - 2*d - 11*d**2. Suppose 9 = s + 2*s. Suppose -s*p + 1 - 4 = 0. Determine k(p).
-7
Let s = -4 - -8. Suppose s = -0*v + 2*v. Suppose -w = -4*z - 5*w - 8, 0 = -v*z + 3*w + 1. Let h(x) = -8*x**3 - x**2 - 2*x - 1. What is h(z)?
8
Let i be (4/3)/(1/(-3)). Let h(u) = -u**2 - 5*u. Let s be h(i). Let w(q) = q**2 - q**3 - 5*q - 2*q**2 - s*q**2 - 1. Determine w(-4).
3
Let i(l) be the first derivative of -l**4/4 + 5*l**3/3 - l**2 + 2*l + 3. What is i(4)?
10
Suppose -4*u - 5*d = 17, 0*u = -4*u - d - 13. Let a(v) = -v**2 - 3*v + 0 - 1 + 0*v**2. Give a(u).
-1
Let r be 2 - (-9)/(-3) - -6. Let y(q) = -q**2 + 5*q - 3. What is y(r)?
-3
Let d(z) = z**3 - 5*z**2 + 4*z + 2. Let s be d(4). Let k = -15 + 18. Let u(w) = -k + w - s + 3. What is u(3)?
1
Suppose 5 = -2*g - 4*t + 1, -g + 2*t - 6 = 0. Let i(z) be the first derivative of -z**4/4 - 4*z**3/3 + z**2/2 + z + 15. Calculate i(g).
-3
Suppose -5*t + 28 = -t. Suppose 5 = v - t. Let o(m) = 1 - 7*m - 7*m + v*m. What is o(5)?
-9
Let r(d) = -d**3 + 3*d**2 + d. Suppose 14*i - 33 = 3*i. What is r(i)?
3
Suppose -q - 38 = -3*q - 4*k, 2*k = 10. Let d(u) = -3*u + 8 + q*u - 4*u - u. Determine d(-6).
2
Let l(h) = -21*h - 8*h**2 + 49*h + 7*h**2 - 27*h. What is l(2)?
-2
Suppose -5*t - 4*q = -7, -t + q + 4*q + 13 = 0. Let j(y) = 6*y**2 + t*y**3 + 11 - 4*y**3 - 10. Calculate j(6).
1
Suppose 2*d = 4*m - 4, 4*m - 2*m - 4 = 0. Let f(p) = -4*p + 2*p**2 + 0*p**2 - p**d - 4. Give f(5).
1
Let c be 22/18 - 32/144. Let n(t) = 4*t**2 - t + 1. Give n(c).
4
Let w(q) = -q**2 + 5*q + 8. Let m = 185 - 179. Calculate w(m).
2
Let g(d) = -d**2 - 6*d + 1. Suppose -4*f + 4*r = 40, -f + 5*r - 40 = 2*f. Determine g(f).
6
Let s(g) = -g**2 - 4*g. Let c be s(-4). Let p be 1*(1 + 3 + c). Let w(b) = 0*b + 2*b + p - 4*b + b**2. Give w(3).
7
Let v(y) = -y - 6. Suppose -k = 5*p + k - 63, 0 = -5*p - 5*k + 75. Suppose 5*c - p = 4. Suppose 0 = -c*l + 5 - 20. Give v(l).
-1
Suppose 3*w + 9 - 27 = 0. Let p(f) = f**3 - 5*f**2 - 8*f + 9. Give p(w).
-3
Suppose -3*m = u - 15, 0*u - 5*m + 23 = u. Suppose 2 = u*o - 13. Suppose -o*g + 2*g = 0. Let l(p) = p**3 - p**2 - p + 4. Determine l(g).
4
Let v(g) be the second derivative of g**3/6 - 9*g**2/2 - g. What is v(0)?
-9
Let c(a) = a - 5. Let l be c(3). Let w(g) = -2*g**3 - 3*g**2 - 4*g - 2. Let q be w(l). Suppose -v - q = v. Let p(z) = z**2 + 2*z - 7. Give p(v).
8
Let h(u) = -3 - 3 - 2*u + 3*u + 1. Determine h(5).
0
Suppose 2*y + 4 - 12 = 0. Let f be y/6*3/(-2). Let w = -4 + f. Let l(j) = -j**2 - 3*j + 4. What is l(w)?
-6
Let j(l) = 13*l**3 + 9*l**2 - 7*l - 21. Let v(a) = -3*a**3 - 2*a**2 + 2*a + 5. Let s(k) = -2*j(k) - 9*v(k). Calculate s(-2).
-3
Let a(n) = -n**3 - 3*n**2 - 5. Let h(j) = j**3 + 2*j**2 + 4. Let v(m) = -2*a(m) - 3*h(m). What is v(-2)?
6
Let f(b) = 10*b + 1. Let i be (-2 - 8/(-2)) + 2. Suppose 0 = -4*k - x - i*x - 19, -10 = -5*k + 5*x. What is f(k)?
-9
Suppose 3*f = 4*t - 11, -5*f + 3*t + 2*t - 10 = 0. Let g(u) = -3*u**f + 6*u + 0*u**3 + 4*u**3 - 5*u**2. Determine g(4).
8
Let p(y) = y + 2. Let i(g) = g**3 - 8*g**2 + 7*g + 2. Let f = -19 - -27. Suppose -2*j = -6 - f. Let m be i(j). Give p(m).
4
Let r(v) = -v**3 + 4*v**2 - v + 2. Suppose 5*x = -4*k + 68, 3*x - 44 = -x + 2*k. Suppose 0*h + 3*h = x. Give r(h).
-2
Let u(y) = y**2 - y - 4. Suppose 3*l + v + 4*v = 7, -2*l + 2*v + 10 = 0. Suppose m = l*x, 0 = m + 4*m - 5*x. Give u(m).
-4
Let i(y) = -y**2 + 4. Suppose -n - 48 = -4*m, 5*n = 4*m - m - 36. Suppose 0 = p + 3*p - m. Suppose 3*c = -5*b + 5, c - p*b = -5*b + 2. Determine i(c).
4
Let m be (1 + 0/(-1))*4/1. Let o(s) be the second derivative of 1/12*s**m + 0 + 3/2*s**2 + 2/3*s**3 - 2*s. What is o(-3)?
0
Let d(q) = q**3 - 2*q**2 + q + 0*q**2 + 0*q**2. Let j(u) = 4*u - 2. Let s be j(1). What is d(s)?
2
Let p = 78 - 77. Let a(i) = -2*i**2 - 2*i - 3. Let v(z) = 3*z**2 + 5*z + 7. Let h = -9 - -16. Let k(b) = h*a(b) + 3*v(b). Determine k(p).
-4
Let i(y) be the first derivative of -y**4/4 + 2*y**3 - y**2 - 6*y + 8. What is i(5)?
9
Let j = -9 - -22. Let i = j + -11. Let s(t) be the second derivative of -t**4/12 - t**2 - t. What is s(i)?
-6
Let s(d) be the first derivative of 2*d**2 - 3*d + 99. Let l be (-2)/3*(-3)/1. Determine s(l).
5
Suppose -14 = -0*h + h. Let n = h - -8. Let c(q) = q**2 + 5*q - 6. Give c(n).
0
Suppose -23 = -4*o + 3*y, 5*y + 14 = -11. Let f(b) be the first derivative of -b**2/2 - b - 1. Calculate f(o).
-3
Let q(n) = -4*n**3 - 10*n**2 - 8*n - 2. Let g(a) = 9*a**3 + 21*a**2 + 17*a + 5. Let k(d) = 3*g(d) + 7*q(d). Determine k(-6).
-5
Let y(s) = -4*s**2 - 2*s - 4. Let v(a) = -5*a**2 - a - 3. Let j(o) = -3*v(o) + 4*y(o). Let w be (0/(-3) - 1)*5. Determine j(w).
-7
Let q(d) be the first derivative of -2 - 1/3*d**3 - 3/2*d**2 + 2*d. Give q(-4).
-2
Let s(x) = 2*x + 1 - 2*x**2 - 2*x**3 - 2*x**3 + 3*x**2. Suppose 0 = 4*k + 2 + 2. Determine s(k).
4
Let u(k) = 2*k - 4. Let n be u(3). Suppose g + n*g + 12 = -3*x, -8 = 3*g + 2*x. Let v be g - ((-3)/3 + 2). Let y(d) = -5*d**2 + d. Give y(v).
-6
Let z be -2 + 7 + 1 + -1. Suppose -3*g - f = -11, 9 = z*g + f - 6. Let j(h) = 1 - h**2 + 0 - g*h + 3. Give j(-4).
-4
Let c(i) be the third derivative of i**5/30 + i**4/6 - i**3/6 + 6*i**2. Give c(-3).
5
Let o(p) be the second derivative of p**5/20 - 5*p + 5. Give o(-2).
-8
Let i(q) be the third derivative of q**6/120 - q**5/30 - q**4/24 